{"id":3078,"date":"2019-10-31T12:13:06","date_gmt":"2019-10-31T15:13:06","guid":{"rendered":"https:\/\/realizaconstrutora.com.br\/lps\/?page_id=3078"},"modified":"2021-02-01T15:40:53","modified_gmt":"2021-02-01T17:40:53","slug":"politica-de-privacidade","status":"publish","type":"page","link":"https:\/\/page.realizaconstrutora.com.br\/lps\/politica-de-privacidade\/","title":{"rendered":"Pol\u00edtica de privacidade"},"content":{"rendered":"\t\t<div data-elementor-type=\"wp-page\" data-elementor-id=\"3078\" class=\"elementor elementor-3078\" data-elementor-post-type=\"page\">\n\t\t\t\t\t\t<section class=\"elementor-section elementor-top-section elementor-element elementor-element-5f54c27 elementor-section-boxed elementor-section-height-default elementor-section-height-default\" data-id=\"5f54c27\" data-element_type=\"section\" data-e-type=\"section\" data-settings=\"{&quot;background_background&quot;:&quot;classic&quot;,&quot;jet_parallax_layout_list&quot;:[]}\">\n\t\t\t\t\t\t<div class=\"elementor-container elementor-column-gap-default\">\n\t\t\t\t\t<div class=\"elementor-column elementor-col-100 elementor-top-column elementor-element elementor-element-2fea2c8\" data-id=\"2fea2c8\" data-element_type=\"column\" data-e-type=\"column\">\n\t\t\t<div class=\"elementor-widget-wrap elementor-element-populated\">\n\t\t\t\t\t\t<div class=\"elementor-element elementor-element-377db7b elementor-widget elementor-widget-image\" data-id=\"377db7b\" data-element_type=\"widget\" data-e-type=\"widget\" data-widget_type=\"image.default\">\n\t\t\t\t<div class=\"elementor-widget-container\">\n\t\t\t\t\t\t\t\t\t\t\t\t\t\t\t<img decoding=\"async\" width=\"300\" height=\"150\" src=\"https:\/\/page.realizaconstrutora.com.br\/lps\/wp-content\/uploads\/2021\/02\/logo-realiza-branca-300x150.png\" class=\"attachment-medium size-medium wp-image-14112\" alt=\"\" srcset=\"https:\/\/page.realizaconstrutora.com.br\/lps\/wp-content\/uploads\/2021\/02\/logo-realiza-branca-300x150.png 300w, https:\/\/page.realizaconstrutora.com.br\/lps\/wp-content\/uploads\/2021\/02\/logo-realiza-branca-768x384.png 768w, https:\/\/page.realizaconstrutora.com.br\/lps\/wp-content\/uploads\/2021\/02\/logo-realiza-branca.png 1000w\" sizes=\"(max-width: 300px) 100vw, 300px\" \/>\t\t\t\t\t\t\t\t\t\t\t\t\t\t\t<\/div>\n\t\t\t\t<\/div>\n\t\t\t\t\t<\/div>\n\t\t<\/div>\n\t\t\t\t\t<\/div>\n\t\t<\/section>\n\t\t\t\t<section class=\"elementor-section elementor-top-section elementor-element elementor-element-d21be29 elementor-section-boxed elementor-section-height-default elementor-section-height-default\" data-id=\"d21be29\" data-element_type=\"section\" data-e-type=\"section\" data-settings=\"{&quot;jet_parallax_layout_list&quot;:[]}\">\n\t\t\t\t\t\t<div class=\"elementor-container elementor-column-gap-default\">\n\t\t\t\t\t<div class=\"elementor-column elementor-col-100 elementor-top-column elementor-element elementor-element-d682ecc\" data-id=\"d682ecc\" data-element_type=\"column\" data-e-type=\"column\">\n\t\t\t<div class=\"elementor-widget-wrap elementor-element-populated\">\n\t\t\t\t\t\t<div class=\"elementor-element elementor-element-f8b45f1 elementor-widget elementor-widget-heading\" data-id=\"f8b45f1\" data-element_type=\"widget\" data-e-type=\"widget\" data-widget_type=\"heading.default\">\n\t\t\t\t<div class=\"elementor-widget-container\">\n\t\t\t\t\t<h2 class=\"elementor-heading-title elementor-size-default\">POL\u00cdTICA DE PRIVACIDADE DE DADOS\nREALIZA CONSTRUTORA LTDA\n<\/h2>\t\t\t\t<\/div>\n\t\t\t\t<\/div>\n\t\t\t\t\t<\/div>\n\t\t<\/div>\n\t\t\t\t\t<\/div>\n\t\t<\/section>\n\t\t\t\t<section class=\"elementor-section elementor-top-section elementor-element elementor-element-a619a42 elementor-section-boxed elementor-section-height-default elementor-section-height-default\" data-id=\"a619a42\" data-element_type=\"section\" data-e-type=\"section\" data-settings=\"{&quot;jet_parallax_layout_list&quot;:[]}\">\n\t\t\t\t\t\t<div class=\"elementor-container elementor-column-gap-default\">\n\t\t\t\t\t<div class=\"elementor-column elementor-col-100 elementor-top-column elementor-element elementor-element-1f496ff\" data-id=\"1f496ff\" data-element_type=\"column\" data-e-type=\"column\">\n\t\t\t<div class=\"elementor-widget-wrap elementor-element-populated\">\n\t\t\t\t\t\t<div class=\"elementor-element elementor-element-04cee1d elementor-widget elementor-widget-text-editor\" data-id=\"04cee1d\" data-element_type=\"widget\" data-e-type=\"widget\" data-widget_type=\"text-editor.default\">\n\t\t\t\t<div class=\"elementor-widget-container\">\n\t\t\t\t\t\t\t\t\t<p><b>1 \u2013 INFORMA\u00c7\u00d5ES GERAIS<\/b><\/p><p>A presente Pol\u00edtica de Privacidade cont\u00e9m informa\u00e7\u00f5es sobre coleta, uso, armazenamento, tratamento e prote\u00e7\u00e3o dos dados pessoais dos usu\u00e1rios e visitantes do site <a href=\"https:\/\/www.realizaconstrutora.com.br\">www.realizaconstrutora.com.br<\/a>, com a finalidade de demonstrar absoluta transpar\u00eancia quanto ao assunto e esclarecer a todos interessados sobre os tipos de dados que s\u00e3o coletados, os motivos da coleta e a forma como os usu\u00e1rios podem gerenciar ou excluir as suas informa\u00e7\u00f5es pessoais.<\/p><p>O presente documento foi elaborado em conformidade com a Lei Geral de Prote\u00e7\u00e3o de Dados Pessoais (Lei 13.709\/18), o Marco Civil da Internet (Lei 12.965\/14) (e o Regulamento da UE n. 2016\/6790). Ainda, o documento poder\u00e1 ser atualizado em decorr\u00eancia de eventual atualiza\u00e7\u00e3o normativa, raz\u00e3o pela qual se convida o usu\u00e1rio a consultar periodicamente esta se\u00e7\u00e3o.<\/p><p><b>2 \u2013 SOBRE OS DADOS COLETADOS<\/b><\/p><p><b>2.1 \u2013 DADOS PESSOAIS FORNECIDOS PELO USU\u00c1RIO<\/b><\/p><p>Os dados pessoais podem ser coletados diretamente por simples disponibiliza\u00e7\u00e3o a um funcion\u00e1rio REALIZA CONSTRUTORA quando do preenchimento de cadastro ou acordos comerciais, bem, como mediante a intera\u00e7\u00e3o em nossas plataformas.<\/p><p><b>2.2 \u2013 QUAIS DADOS S\u00c3O COLETADOS<\/b><\/p><p>A REALIZA coleta informa\u00e7\u00f5es de modo autom\u00e1tico em suas plataformas de intera\u00e7\u00e3o com o Usu\u00e1rio, tais como: Nome Completo, CPF, E-mail e Telefone; estado civil, local de nascimento, documentos de identifica\u00e7\u00e3o e CPF, nome da m\u00e3e e pai, informa\u00e7\u00f5es sobre c\u00f4njuge, endere\u00e7o, dados banc\u00e1rios, dados de contrato; dados banc\u00e1rio; informa\u00e7\u00f5es de renda; endere\u00e7o de IP e Cookies.<\/p><p><b>3 &#8211; PARA QUE FINALIDADES UTILIZAMOS OS DADOS PESSOAIS DO USU\u00c1RIO E VISITANTE?<\/b><\/p><p>Os dados pessoais tratados pela REALIZA t\u00eam como principais finalidades a possibilidade do Usu\u00e1rio conhecer a oferta de produtos e servi\u00e7os REALIZA, o fornecimento de informa\u00e7\u00f5es via formul\u00e1rio de contato ou pelo corretor online, identificar os Usu\u00e1rios que navegam no site e manter os dados de Usu\u00e1rios atualizados.<\/p><p>Os dados poder\u00e3o ser utilizados:<\/p><p>Bem-estar do usu\u00e1rio e visitante: aprimorar o produto e\/ou servi\u00e7o oferecido, facilitar, agilizar e cumprir os compromissos estabelecidos entre o usu\u00e1rio e a empresa, melhorar a experi\u00eancia dos usu\u00e1rios e fornecer funcionalidades espec\u00edficas a depender das caracter\u00edsticas b\u00e1sicas do usu\u00e1rio.<br \/>Melhorias da plataforma: compreender como o usu\u00e1rio utiliza os servi\u00e7os da plataforma, para ajudar no desenvolvimento de neg\u00f3cios e t\u00e9cnicas.<br \/>An\u00fancios: apresentar an\u00fancios personalizados para o usu\u00e1rio com base nos dados fornecidos.<br \/>Comercial: os dados s\u00e3o usados para personalizar o conte\u00fado oferecido e gerar subs\u00eddio \u00e0 plataforma para a melhora da qualidade no funcionamento dos servi\u00e7os.<br \/>Previs\u00e3o do perfil do usu\u00e1rio: tratamento automatizados de dados pessoais para avaliar o uso na plataforma.<br \/>Dados de cadastro: para permitir o acesso do usu\u00e1rio a determinados conte\u00fados da plataforma, exclusivo para usu\u00e1rios cadastrados<br \/>Dados de contrato: conferir \u00e0s partes seguran\u00e7a jur\u00eddica e facilitar a conclus\u00e3o do neg\u00f3cio.<br \/>Outras<\/p><p>Em alguns casos, poder\u00e1 tratar seus dados pessoais quando necess\u00e1rios para o cumprimento de obriga\u00e7\u00e3o legal ou exerc\u00edcio regular de direitos em processo judicial, administrativo ou arbitral.<\/p><p>Al\u00e9m disso, tamb\u00e9m poder\u00e1 tratar dados pessoais com base em seu interesse leg\u00edtimo, sempre no limite de sua expectativa, e nunca em preju\u00edzo de seus interesses, direitos e liberdades fundamentais.<\/p><p><b>4 &#8211; COM QUEM OS DADOS S\u00c3O COMPARTILHADOS<\/b><\/p><p>Com autoridades judiciais, administrativas ou governamentais competentes, sempre que houver determina\u00e7\u00e3o legal, requerimento, requisi\u00e7\u00e3o ou ordem judicial;<br \/>Com institui\u00e7\u00f5es respons\u00e1veis por cobrar o cr\u00e9dito decorrente da aquisi\u00e7\u00e3o da(s) unidade(s) imobili\u00e1ria(s) que voc\u00ea adquiriu;<br \/>Com o corretor de im\u00f3veis, quando a compra for intermediada;<br \/>Institui\u00e7\u00f5es financeiras de financiamento de im\u00f3vel;<br \/>Com a administradora do condom\u00ednio, que prestar\u00e1 os servi\u00e7os de gest\u00e3o e administra\u00e7\u00e3o do empreendimento; e<br \/>De forma autom\u00e1tica, em caso de movimenta\u00e7\u00f5es societ\u00e1rias, como fus\u00e3o, aquisi\u00e7\u00e3o e incorpora\u00e7\u00e3o.<br \/>Securitiza\u00e7\u00e3o de receb\u00edveis<\/p><p><b>5 &#8211; POR QUANTO TEMPO OS DADOS PESSOAIS FICAM ARMAZENADOS?<\/b><\/p><p>Os dados pessoais do usu\u00e1rio e visitante s\u00e3o armazenados pela plataforma durante o per\u00edodo necess\u00e1rio para a presta\u00e7\u00e3o do servi\u00e7o ou o cumprimento das finalidades previstas no presente documento, conforme o disposto no inciso I do artigo 15 da Lei 13.709\/18.<\/p><p>Os dados podem ser removidos ou anonimizados a pedido do usu\u00e1rio, excetuando os casos em que a lei oferecer outro tratamento.<\/p><p>Ainda, os dados pessoais dos usu\u00e1rios apenas podem ser conservados ap\u00f3s o t\u00e9rmino de seu tratamento nas seguintes hip\u00f3teses previstas no artigo 16 da referida lei:<\/p><p>I &#8211; cumprimento de obriga\u00e7\u00e3o legal ou regulat\u00f3ria pelo controlador;<br \/>II &#8211; estudo por \u00f3rg\u00e3o de pesquisa, garantida, sempre que poss\u00edvel, a anonimiza\u00e7\u00e3o dos dados pessoais;<br \/>III &#8211; transfer\u00eancia a terceiro, desde que respeitados os requisitos de tratamento de dados dispostos nesta Lei;<br \/>IV &#8211; uso exclusivo do controlador, vedado seu acesso por terceiro, e desde que anonimizados os dados.<\/p><p><b>6 &#8211; SEGURAN\u00c7A DOS DADOS PESSOAIS ARMAZENADOS<\/b><\/p><p>A REALIZA se compromete a aplicar as medidas t\u00e9cnicas e organizativas aptas a proteger os dados pessoais de acessos n\u00e3o autorizados e de situa\u00e7\u00f5es de destrui\u00e7\u00e3o, perda, altera\u00e7\u00e3o, comunica\u00e7\u00e3o ou difus\u00e3o de tais dados.<\/p><p>A REALIZA n\u00e3o se exime de responsabilidade por culpa exclusiva de terceiro, como em caso de ataque de hackers ou crackers, ou culpa exclusiva do usu\u00e1rio, como no caso em que ele mesmo transfere seus dados a terceiros, comprometendo-se a comunicar o usu\u00e1rio em caso de alguma viola\u00e7\u00e3o de seguran\u00e7a dos seus dados pessoais.<br \/>Os dados pessoais armazenados s\u00e3o tratados com confidencialidade, dentro dos limites legais. No entanto, podemos divulgar suas informa\u00e7\u00f5es pessoais caso sejamos obrigados pela lei para faz\u00ea-lo ou se voc\u00ea violar nossos Termos de Servi\u00e7o.<\/p><p><b>7 \u2013 COOKIES OU DADOS DE NAVEGA\u00c7\u00c3O<\/b><\/p><p>Os cookies referem-se a arquivos de texto enviados pela plataforma ao computador do usu\u00e1rio e visitante e que nele ficam armazenados, com informa\u00e7\u00f5es relacionadas \u00e0 navega\u00e7\u00e3o no site.<\/p><p>Tais informa\u00e7\u00f5es s\u00e3o relacionadas aos dados de acesso como local e hor\u00e1rio de acesso e s\u00e3o armazenadas pelo navegador do usu\u00e1rio e visitante para que o servidor da plataforma possa l\u00ea-las posteriormente a fim de personalizar os servi\u00e7os da plataforma.<\/p><p>O usu\u00e1rio e o visitante do site manifesta conhecer e aceitar que pode ser utilizado um sistema de coleta de dados de navega\u00e7\u00e3o mediante \u00e0 utiliza\u00e7\u00e3o de cookies.<\/p><p>O cookie persistente permanece no disco r\u00edgido do usu\u00e1rio e visitante depois que o navegador \u00e9 fechado e ser\u00e1 usado pelo navegador em visitas subsequentes ao site. Os cookies persistentes podem ser removidos seguindo as instru\u00e7\u00f5es do seu navegador. J\u00e1 o cookie de sess\u00e3o \u00e9 tempor\u00e1rio e desaparece depois que o navegador \u00e9 fechado. \u00c9 poss\u00edvel redefinir seu navegador da web para recusar todos os cookies, por\u00e9m alguns recursos da plataforma podem n\u00e3o funcionar corretamente se a capacidade de aceitar cookies estiver desabilitada.<\/p><p><b>8 \u2013 CONSENTIMENTO<\/b><\/p><p>Ao utilizar os servi\u00e7os e fornecer as informa\u00e7\u00f5es pessoais na plataforma, o usu\u00e1rio est\u00e1 consentindo com a presente Pol\u00edtica de Privacidade.<\/p><p>O usu\u00e1rio, ao cadastrar-se, manifesta conhecer e pode exercitar seus direitos de cancelar seu cadastro, acessar e atualizar seus dados pessoais e garante a veracidade das informa\u00e7\u00f5es por ele disponibilizadas.<\/p><p>O usu\u00e1rio tem direito de retirar o seu consentimento a qualquer tempo, para tanto deve entrar em contato com nosso escrit\u00f3rio.<\/p><p><b>9 &#8211; ALTERA\u00c7\u00d5ES PARA ESSA POL\u00cdTICA DE PRIVACIDADE<\/b><\/p><p>Reservamos o direito de modificar essa Pol\u00edtica de Privacidade a qualquer momento, ent\u00e3o, \u00e9 recomend\u00e1vel que o usu\u00e1rio e visitante revise-a com frequ\u00eancia.<\/p><p>As altera\u00e7\u00f5es e esclarecimentos v\u00e3o surtir efeito imediatamente ap\u00f3s sua publica\u00e7\u00e3o na plataforma. Quando realizadas altera\u00e7\u00f5es os usu\u00e1rios ser\u00e3o notificados. Ao utilizar o servi\u00e7o ou fornecer informa\u00e7\u00f5es pessoais ap\u00f3s eventuais modifica\u00e7\u00f5es, o usu\u00e1rio e visitante demonstra sua concord\u00e2ncia com as novas normas.<\/p><p>Diante da fus\u00e3o ou venda da plataforma \u00e0 outra empresa os dados dos usu\u00e1rios podem ser transferidas para os novos propriet\u00e1rios para que a perman\u00eancia dos servi\u00e7os oferecidos.<\/p><p><b>10 \u2013 JURISDI\u00c7\u00c3O PARA RESOLU\u00c7\u00c3O DE CONFLITOS<\/b><\/p><p>Para a solu\u00e7\u00e3o de controv\u00e9rsias decorrentes do presente instrumento ser\u00e1 aplicado integralmente o Direito brasileiro.<\/p><p>Os eventuais lit\u00edgios dever\u00e3o ser apresentados no foro da comarca em que se encontra a sede da empresa.<\/p>\t\t\t\t\t\t\t\t<\/div>\n\t\t\t\t<\/div>\n\t\t\t\t\t<\/div>\n\t\t<\/div>\n\t\t\t\t\t<\/div>\n\t\t<\/section>\n\t\t\t\t<\/div>\n\t\t","protected":false},"excerpt":{"rendered":"<p>POL\u00cdTICA DE PRIVACIDADE DE DADOS REALIZA CONSTRUTORA LTDA 1 \u2013 INFORMA\u00c7\u00d5ES GERAIS A presente Pol\u00edtica de Privacidade cont\u00e9m informa\u00e7\u00f5es sobre coleta, uso, armazenamento, tratamento e prote\u00e7\u00e3o dos dados pessoais dos usu\u00e1rios e visitantes do site www.realizaconstrutora.com.br, com a finalidade de demonstrar absoluta transpar\u00eancia quanto ao assunto e esclarecer a todos interessados sobre os tipos de [&hellip;]<\/p>\n","protected":false},"author":1,"featured_media":0,"parent":0,"menu_order":0,"comment_status":"closed","ping_status":"closed","template":"elementor_canvas","meta":{"footnotes":""},"class_list":["post-3078","page","type-page","status-publish","hentry"],"_links":{"self":[{"href":"https:\/\/page.realizaconstrutora.com.br\/lps\/wp-json\/wp\/v2\/pages\/3078"}],"collection":[{"href":"https:\/\/page.realizaconstrutora.com.br\/lps\/wp-json\/wp\/v2\/pages"}],"about":[{"href":"https:\/\/page.realizaconstrutora.com.br\/lps\/wp-json\/wp\/v2\/types\/page"}],"author":[{"embeddable":true,"href":"https:\/\/page.realizaconstrutora.com.br\/lps\/wp-json\/wp\/v2\/users\/1"}],"replies":[{"embeddable":true,"href":"https:\/\/page.realizaconstrutora.com.br\/lps\/wp-json\/wp\/v2\/comments?post=3078"}],"version-history":[{"count":14,"href":"https:\/\/page.realizaconstrutora.com.br\/lps\/wp-json\/wp\/v2\/pages\/3078\/revisions"}],"predecessor-version":[{"id":14140,"href":"https:\/\/page.realizaconstrutora.com.br\/lps\/wp-json\/wp\/v2\/pages\/3078\/revisions\/14140"}],"wp:attachment":[{"href":"https:\/\/page.realizaconstrutora.com.br\/lps\/wp-json\/wp\/v2\/media?parent=3078"}],"curies":[{"name":"wp","href":"https:\/\/api.w.org\/{rel}","templated":true}]}}